{"id":558,"date":"2020-10-17T23:29:52","date_gmt":"2020-10-17T23:29:52","guid":{"rendered":"https:\/\/marason.is\/?page_id=558"},"modified":"2022-06-20T23:26:22","modified_gmt":"2022-06-20T23:26:22","slug":"ncsdjcnsd","status":"publish","type":"page","link":"https:\/\/marason.is\/?page_id=558","title":{"rendered":"Fars\u00f3ttarportrett (2020)"},"content":{"rendered":"\n<p><\/p>\n\n\n\n<figure class=\"wp-block-gallery has-nested-images columns-7 is-cropped wp-block-gallery-1 is-layout-flex wp-block-gallery-is-layout-flex\">\n<figure class=\"wp-block-image size-large\"><img loading=\"lazy\" decoding=\"async\" width=\"1024\" height=\"649\" data-id=\"570\" src=\"https:\/\/marason.is\/wp-content\/uploads\/2020\/10\/SMH0723-1024x649.jpg\" alt=\"\" class=\"wp-image-570\" srcset=\"https:\/\/marason.is\/wp-content\/uploads\/2020\/10\/SMH0723-1024x649.jpg 1024w, https:\/\/marason.is\/wp-content\/uploads\/2020\/10\/SMH0723-300x190.jpg 300w, https:\/\/marason.is\/wp-content\/uploads\/2020\/10\/SMH0723-768x487.jpg 768w, https:\/\/marason.is\/wp-content\/uploads\/2020\/10\/SMH0723-624x395.jpg 624w, https:\/\/marason.is\/wp-content\/uploads\/2020\/10\/SMH0723.jpg 1155w\" sizes=\"auto, (max-width: 1024px) 100vw, 1024px\" \/><\/figure>\n\n\n\n<figure class=\"wp-block-image size-large\"><img loading=\"lazy\" decoding=\"async\" width=\"1024\" height=\"681\" data-id=\"571\" src=\"https:\/\/marason.is\/wp-content\/uploads\/2020\/10\/SMH0730-1024x681.jpg\" alt=\"\" class=\"wp-image-571\" srcset=\"https:\/\/marason.is\/wp-content\/uploads\/2020\/10\/SMH0730-1024x681.jpg 1024w, https:\/\/marason.is\/wp-content\/uploads\/2020\/10\/SMH0730-300x200.jpg 300w, https:\/\/marason.is\/wp-content\/uploads\/2020\/10\/SMH0730-768x511.jpg 768w, https:\/\/marason.is\/wp-content\/uploads\/2020\/10\/SMH0730-624x415.jpg 624w, https:\/\/marason.is\/wp-content\/uploads\/2020\/10\/SMH0730.jpg 1183w\" sizes=\"auto, (max-width: 1024px) 100vw, 1024px\" \/><\/figure>\n\n\n\n<figure class=\"wp-block-image size-large\"><img loading=\"lazy\" decoding=\"async\" width=\"1024\" height=\"682\" data-id=\"572\" src=\"https:\/\/marason.is\/wp-content\/uploads\/2020\/10\/SMH0750-1024x682.jpg\" alt=\"\" class=\"wp-image-572\" srcset=\"https:\/\/marason.is\/wp-content\/uploads\/2020\/10\/SMH0750-1024x682.jpg 1024w, https:\/\/marason.is\/wp-content\/uploads\/2020\/10\/SMH0750-300x200.jpg 300w, https:\/\/marason.is\/wp-content\/uploads\/2020\/10\/SMH0750-768x512.jpg 768w, https:\/\/marason.is\/wp-content\/uploads\/2020\/10\/SMH0750-624x416.jpg 624w, https:\/\/marason.is\/wp-content\/uploads\/2020\/10\/SMH0750.jpg 1180w\" sizes=\"auto, (max-width: 1024px) 100vw, 1024px\" \/><\/figure>\n\n\n\n<figure class=\"wp-block-image size-large\"><img loading=\"lazy\" decoding=\"async\" width=\"1024\" height=\"620\" data-id=\"573\" src=\"https:\/\/marason.is\/wp-content\/uploads\/2020\/10\/SMH0763-1024x620.jpg\" alt=\"\" class=\"wp-image-573\" srcset=\"https:\/\/marason.is\/wp-content\/uploads\/2020\/10\/SMH0763-1024x620.jpg 1024w, https:\/\/marason.is\/wp-content\/uploads\/2020\/10\/SMH0763-300x182.jpg 300w, https:\/\/marason.is\/wp-content\/uploads\/2020\/10\/SMH0763-768x465.jpg 768w, https:\/\/marason.is\/wp-content\/uploads\/2020\/10\/SMH0763-624x378.jpg 624w, https:\/\/marason.is\/wp-content\/uploads\/2020\/10\/SMH0763.jpg 1137w\" sizes=\"auto, (max-width: 1024px) 100vw, 1024px\" \/><\/figure>\n\n\n\n<figure class=\"wp-block-image size-large\"><img loading=\"lazy\" decoding=\"async\" width=\"1024\" height=\"605\" data-id=\"574\" src=\"https:\/\/marason.is\/wp-content\/uploads\/2020\/10\/SMH0779-1024x605.jpg\" alt=\"\" class=\"wp-image-574\" srcset=\"https:\/\/marason.is\/wp-content\/uploads\/2020\/10\/SMH0779-1024x605.jpg 1024w, https:\/\/marason.is\/wp-content\/uploads\/2020\/10\/SMH0779-300x177.jpg 300w, https:\/\/marason.is\/wp-content\/uploads\/2020\/10\/SMH0779-768x454.jpg 768w, https:\/\/marason.is\/wp-content\/uploads\/2020\/10\/SMH0779-624x369.jpg 624w, https:\/\/marason.is\/wp-content\/uploads\/2020\/10\/SMH0779.jpg 1151w\" sizes=\"auto, (max-width: 1024px) 100vw, 1024px\" \/><\/figure>\n\n\n\n<figure class=\"wp-block-image size-large\"><img loading=\"lazy\" decoding=\"async\" width=\"1024\" height=\"632\" data-id=\"575\" src=\"https:\/\/marason.is\/wp-content\/uploads\/2020\/10\/SMH0782-1024x632.jpg\" alt=\"\" class=\"wp-image-575\" srcset=\"https:\/\/marason.is\/wp-content\/uploads\/2020\/10\/SMH0782-1024x632.jpg 1024w, https:\/\/marason.is\/wp-content\/uploads\/2020\/10\/SMH0782-300x185.jpg 300w, https:\/\/marason.is\/wp-content\/uploads\/2020\/10\/SMH0782-768x474.jpg 768w, https:\/\/marason.is\/wp-content\/uploads\/2020\/10\/SMH0782-624x385.jpg 624w, https:\/\/marason.is\/wp-content\/uploads\/2020\/10\/SMH0782.jpg 1155w\" sizes=\"auto, (max-width: 1024px) 100vw, 1024px\" \/><\/figure>\n\n\n\n<figure class=\"wp-block-image size-large\"><img loading=\"lazy\" decoding=\"async\" width=\"1024\" height=\"642\" data-id=\"576\" src=\"https:\/\/marason.is\/wp-content\/uploads\/2020\/10\/SMH0808-1024x642.jpg\" alt=\"\" class=\"wp-image-576\" srcset=\"https:\/\/marason.is\/wp-content\/uploads\/2020\/10\/SMH0808-1024x642.jpg 1024w, https:\/\/marason.is\/wp-content\/uploads\/2020\/10\/SMH0808-300x188.jpg 300w, https:\/\/marason.is\/wp-content\/uploads\/2020\/10\/SMH0808-768x482.jpg 768w, https:\/\/marason.is\/wp-content\/uploads\/2020\/10\/SMH0808-624x391.jpg 624w, https:\/\/marason.is\/wp-content\/uploads\/2020\/10\/SMH0808.jpg 1142w\" sizes=\"auto, (max-width: 1024px) 100vw, 1024px\" \/><\/figure>\n\n\n\n<figure class=\"wp-block-image size-large\"><img loading=\"lazy\" decoding=\"async\" width=\"1024\" height=\"623\" data-id=\"577\" src=\"https:\/\/marason.is\/wp-content\/uploads\/2020\/10\/SMH0817-1024x623.jpg\" alt=\"\" class=\"wp-image-577\" srcset=\"https:\/\/marason.is\/wp-content\/uploads\/2020\/10\/SMH0817-1024x623.jpg 1024w, https:\/\/marason.is\/wp-content\/uploads\/2020\/10\/SMH0817-300x183.jpg 300w, https:\/\/marason.is\/wp-content\/uploads\/2020\/10\/SMH0817-768x468.jpg 768w, https:\/\/marason.is\/wp-content\/uploads\/2020\/10\/SMH0817-624x380.jpg 624w, https:\/\/marason.is\/wp-content\/uploads\/2020\/10\/SMH0817.jpg 1066w\" sizes=\"auto, (max-width: 1024px) 100vw, 1024px\" \/><\/figure>\n\n\n\n<figure class=\"wp-block-image size-large\"><img loading=\"lazy\" decoding=\"async\" width=\"1024\" height=\"632\" data-id=\"578\" src=\"https:\/\/marason.is\/wp-content\/uploads\/2020\/10\/SMH0825-1024x632.jpg\" alt=\"\" class=\"wp-image-578\" srcset=\"https:\/\/marason.is\/wp-content\/uploads\/2020\/10\/SMH0825-1024x632.jpg 1024w, https:\/\/marason.is\/wp-content\/uploads\/2020\/10\/SMH0825-300x185.jpg 300w, https:\/\/marason.is\/wp-content\/uploads\/2020\/10\/SMH0825-768x474.jpg 768w, https:\/\/marason.is\/wp-content\/uploads\/2020\/10\/SMH0825-624x385.jpg 624w, https:\/\/marason.is\/wp-content\/uploads\/2020\/10\/SMH0825.jpg 1063w\" sizes=\"auto, (max-width: 1024px) 100vw, 1024px\" \/><\/figure>\n\n\n\n<figure class=\"wp-block-image size-large\"><img loading=\"lazy\" decoding=\"async\" width=\"1024\" height=\"622\" data-id=\"579\" src=\"https:\/\/marason.is\/wp-content\/uploads\/2020\/10\/SMH0837-1024x622.jpg\" alt=\"\" class=\"wp-image-579\" srcset=\"https:\/\/marason.is\/wp-content\/uploads\/2020\/10\/SMH0837-1024x622.jpg 1024w, https:\/\/marason.is\/wp-content\/uploads\/2020\/10\/SMH0837-300x182.jpg 300w, https:\/\/marason.is\/wp-content\/uploads\/2020\/10\/SMH0837-768x466.jpg 768w, https:\/\/marason.is\/wp-content\/uploads\/2020\/10\/SMH0837-624x379.jpg 624w, https:\/\/marason.is\/wp-content\/uploads\/2020\/10\/SMH0837.jpg 1036w\" sizes=\"auto, (max-width: 1024px) 100vw, 1024px\" \/><\/figure>\n\n\n\n<figure class=\"wp-block-image size-large\"><img loading=\"lazy\" decoding=\"async\" width=\"1024\" height=\"621\" data-id=\"580\" src=\"https:\/\/marason.is\/wp-content\/uploads\/2020\/10\/SMH0846-1024x621.jpg\" alt=\"\" class=\"wp-image-580\" srcset=\"https:\/\/marason.is\/wp-content\/uploads\/2020\/10\/SMH0846-1024x621.jpg 1024w, https:\/\/marason.is\/wp-content\/uploads\/2020\/10\/SMH0846-300x182.jpg 300w, https:\/\/marason.is\/wp-content\/uploads\/2020\/10\/SMH0846-768x465.jpg 768w, https:\/\/marason.is\/wp-content\/uploads\/2020\/10\/SMH0846-624x378.jpg 624w, https:\/\/marason.is\/wp-content\/uploads\/2020\/10\/SMH0846.jpg 1089w\" sizes=\"auto, (max-width: 1024px) 100vw, 1024px\" \/><\/figure>\n\n\n\n<figure class=\"wp-block-image size-large\"><img loading=\"lazy\" decoding=\"async\" width=\"960\" height=\"521\" data-id=\"581\" src=\"https:\/\/marason.is\/wp-content\/uploads\/2020\/10\/SMH0948.jpg\" alt=\"\" class=\"wp-image-581\" srcset=\"https:\/\/marason.is\/wp-content\/uploads\/2020\/10\/SMH0948.jpg 960w, https:\/\/marason.is\/wp-content\/uploads\/2020\/10\/SMH0948-300x163.jpg 300w, https:\/\/marason.is\/wp-content\/uploads\/2020\/10\/SMH0948-768x417.jpg 768w, https:\/\/marason.is\/wp-content\/uploads\/2020\/10\/SMH0948-624x339.jpg 624w\" sizes=\"auto, (max-width: 960px) 100vw, 960px\" \/><\/figure>\n\n\n\n<figure class=\"wp-block-image size-large\"><img loading=\"lazy\" decoding=\"async\" width=\"1024\" height=\"622\" data-id=\"582\" src=\"https:\/\/marason.is\/wp-content\/uploads\/2020\/10\/SMH1001-1024x622.jpg\" alt=\"\" class=\"wp-image-582\" srcset=\"https:\/\/marason.is\/wp-content\/uploads\/2020\/10\/SMH1001-1024x622.jpg 1024w, https:\/\/marason.is\/wp-content\/uploads\/2020\/10\/SMH1001-300x182.jpg 300w, https:\/\/marason.is\/wp-content\/uploads\/2020\/10\/SMH1001-768x466.jpg 768w, https:\/\/marason.is\/wp-content\/uploads\/2020\/10\/SMH1001-624x379.jpg 624w, https:\/\/marason.is\/wp-content\/uploads\/2020\/10\/SMH1001.jpg 1110w\" sizes=\"auto, (max-width: 1024px) 100vw, 1024px\" \/><\/figure>\n\n\n\n<figure class=\"wp-block-image size-large\"><img loading=\"lazy\" decoding=\"async\" width=\"1024\" height=\"672\" data-id=\"592\" src=\"https:\/\/marason.is\/wp-content\/uploads\/2020\/10\/SMH0704-1-1024x672.jpg\" alt=\"\" class=\"wp-image-592\" srcset=\"https:\/\/marason.is\/wp-content\/uploads\/2020\/10\/SMH0704-1-1024x672.jpg 1024w, https:\/\/marason.is\/wp-content\/uploads\/2020\/10\/SMH0704-1-300x197.jpg 300w, https:\/\/marason.is\/wp-content\/uploads\/2020\/10\/SMH0704-1-768x504.jpg 768w, https:\/\/marason.is\/wp-content\/uploads\/2020\/10\/SMH0704-1-624x409.jpg 624w, https:\/\/marason.is\/wp-content\/uploads\/2020\/10\/SMH0704-1.jpg 1183w\" sizes=\"auto, (max-width: 1024px) 100vw, 1024px\" \/><\/figure>\n<\/figure>\n\n\n\n<p>\u00deegar samkomubanni\u00f0 \u00ed fyrstu Covid bygjunni skall \u00e1 og landsmenn skri\u00f0u heim \u00ed sk\u00fakkelsi s\u00edn og t\u00f6lu\u00f0ust ekki vi\u00f0 nema \u00ed gegn um fjarskiptat\u00e6ki, datt m\u00e9r \u00ed hug a\u00f0 pr\u00f3fa a\u00f0 taka lj\u00f3smyndir \u00ed gegn um \u00feessar gr\u00e6jur. M\u00e9r finnst skemmtilegt a\u00f0 mynda f\u00f3lk, sp\u00e1 \u00ed sj\u00f3narhornin og birtuna og hafa stj\u00f3rn \u00e1 \u00feessu \u00f6llu saman til a\u00f0 b\u00faa til fallegt portrett. En \u00e1 \u00feessu t\u00edmabili, mars og apr\u00edl \u00e1 \u00feessu \u00e1ri var skyndilega \u00f6llu sn\u00fai\u00f0 \u00e1 hvolf. Mig langa\u00f0i a\u00f0 gera gamaldags klass\u00edsk portrett af nor\u00f0lensku listaf\u00f3lki en svo var allt \u00ed einu ekki h\u00e6gt a\u00f0 hitta nokkurn mann. En svo var kannski ekki svo g\u00f3\u00f0 hugmynd a\u00f0 gera klass\u00edsk portrett, \u00fea\u00f0 hef \u00e9g gert svo \u00f3tal sinnun og allt \u00ed einu fannst m\u00e9r spennandi a\u00f0 sn\u00faa \u00fev\u00ed \u00e1 hvolf l\u00edka. Hafa enga stj\u00f3rn \u00e1 a\u00f0st\u00e6\u00f0um; geta ekki r\u00e1\u00f0i\u00f0 sj\u00f3narhorni, birtu e\u00f0a bakgrunni og vinna me\u00f0 afar sl\u00f6k myndg\u00e6\u00f0i. F\u00f3lk birtist bara \u00e1 t\u00f6lvuskj\u00e1num m\u00ednum \u00ed afar sl\u00e6mum myndg\u00e6\u00f0um og stj\u00f3rna\u00f0i sj\u00e1lft hvernig \u00fea\u00f0 birtist \u00ed rammanum og \u00e9g t\u00f3k s\u00ed\u00f0an mynd af t\u00f6lvuskj\u00e1num me\u00f0 venjulegri myndav\u00e9l, en reyndar me\u00f0 heimasm\u00ed\u00f0a\u00f0ri linsu sem bjaga\u00f0i og brengla\u00f0i enn meira. \u00dat \u00far \u00feessu komu nokkur mj\u00f6g skemmtileg portrett sem m\u00e9r fannst \u00fe\u00e1 vera \u00e1g\u00e6t heimild um t\u00edmann akk\u00farat \u00fe\u00e1 en er svo kannski or\u00f0inn partur af verulega okkar. Allavega erum vi\u00f0 \u00ed s\u00f6mu sporum h\u00e1lfu \u00e1ri s\u00ed\u00f0ar. Hven\u00e6r skyldi \u00feessu \u00e1standi lj\u00faka? Hven\u00e6r getum vi\u00f0 fari\u00f0 a\u00f0 hittast, heilsast me\u00f0 handabandi e\u00f0a jafnvel a\u00f0 kn\u00fasa hvert anna\u00f0? Kannski er \u00fea\u00f0 li\u00f0in t\u00ed\u00f0.<br><br><strong><a href=\"https:\/\/www.artsteps.com\/view\/5f86b79f19d5f315f8e92c3f\" data-type=\"URL\" data-id=\"https:\/\/www.artsteps.com\/view\/5f86b79f19d5f315f8e92c3f\">Smelli\u00f0 h\u00e9r til a\u00f0 sko\u00f0a s\u00fdningu \u00e1 fars\u00f3ttarportrettum af nor\u00f0lenskum listam\u00f6nnum<\/a>.<\/strong><\/p>\n\n\n\n<p><\/p>\n","protected":false},"excerpt":{"rendered":"<p>\u00deegar samkomubanni\u00f0 \u00ed fyrstu Covid bygjunni skall \u00e1 og landsmenn skri\u00f0u heim \u00ed sk\u00fakkelsi s\u00edn og t\u00f6lu\u00f0ust ekki vi\u00f0 nema \u00ed gegn um fjarskiptat\u00e6ki, datt m\u00e9r \u00ed hug a\u00f0 pr\u00f3fa a\u00f0 taka lj\u00f3smyndir \u00ed gegn um \u00feessar gr\u00e6jur. M\u00e9r finnst skemmtilegt a\u00f0 mynda f\u00f3lk, sp\u00e1 \u00ed sj\u00f3narhornin og birtuna og hafa stj\u00f3rn \u00e1 \u00feessu \u00f6llu [&hellip;]<\/p>\n","protected":false},"author":1,"featured_media":0,"parent":0,"menu_order":0,"comment_status":"closed","ping_status":"closed","template":"","meta":{"_coblocks_attr":"","_coblocks_dimensions":"","_coblocks_responsive_height":"","_coblocks_accordion_ie_support":"","footnotes":""},"class_list":["post-558","page","type-page","status-publish","hentry"],"_links":{"self":[{"href":"https:\/\/marason.is\/index.php?rest_route=\/wp\/v2\/pages\/558","targetHints":{"allow":["GET"]}}],"collection":[{"href":"https:\/\/marason.is\/index.php?rest_route=\/wp\/v2\/pages"}],"about":[{"href":"https:\/\/marason.is\/index.php?rest_route=\/wp\/v2\/types\/page"}],"author":[{"embeddable":true,"href":"https:\/\/marason.is\/index.php?rest_route=\/wp\/v2\/users\/1"}],"replies":[{"embeddable":true,"href":"https:\/\/marason.is\/index.php?rest_route=%2Fwp%2Fv2%2Fcomments&post=558"}],"version-history":[{"count":17,"href":"https:\/\/marason.is\/index.php?rest_route=\/wp\/v2\/pages\/558\/revisions"}],"predecessor-version":[{"id":765,"href":"https:\/\/marason.is\/index.php?rest_route=\/wp\/v2\/pages\/558\/revisions\/765"}],"wp:attachment":[{"href":"https:\/\/marason.is\/index.php?rest_route=%2Fwp%2Fv2%2Fmedia&parent=558"}],"curies":[{"name":"wp","href":"https:\/\/api.w.org\/{rel}","templated":true}]}}