{"id":540,"date":"2020-10-01T13:27:01","date_gmt":"2020-10-01T13:27:01","guid":{"rendered":"https:\/\/marason.is\/?page_id=540"},"modified":"2020-10-01T13:57:08","modified_gmt":"2020-10-01T13:57:08","slug":"the-human-and-the-ice","status":"publish","type":"page","link":"https:\/\/marason.is\/?page_id=540","title":{"rendered":"The Human and the Ice"},"content":{"rendered":"\n<p>Site-specific lj\u00f3smyndas\u00fdning sem var opnu\u00f0 11. \u00e1g\u00fast 2011 vi\u00f0 Hoffellsj\u00f6kul. Verkin voru or\u00f0in nokku\u00f0 \u00fatitekin eftir tvo vetur r\u00e6tur Hoffellsj\u00f6kuls og voru teknar ni\u00f0ur 7. apr\u00edl 2013.  <a rel=\"noreferrer noopener\" href=\"https:\/\/www.facebook.com\/media\/set\/?set=a.10150288064743493&amp;type=3\" target=\"_blank\">Sj\u00e1 n\u00e1nar h\u00e9r.<\/a><\/p>\n\n\n\n<figure class=\"wp-block-gallery columns-2 is-cropped wp-block-gallery-1 is-layout-flex wp-block-gallery-is-layout-flex\"><ul class=\"blocks-gallery-grid\"><li class=\"blocks-gallery-item\"><figure><img loading=\"lazy\" decoding=\"async\" width=\"1000\" height=\"667\" src=\"https:\/\/marason.is\/wp-content\/uploads\/2020\/10\/img_3836-lr.jpg\" alt=\"\" data-id=\"542\" data-full-url=\"https:\/\/marason.is\/wp-content\/uploads\/2020\/10\/img_3836-lr.jpg\" data-link=\"https:\/\/marason.is\/?attachment_id=542\" class=\"wp-image-542\" srcset=\"https:\/\/marason.is\/wp-content\/uploads\/2020\/10\/img_3836-lr.jpg 1000w, https:\/\/marason.is\/wp-content\/uploads\/2020\/10\/img_3836-lr-300x200.jpg 300w, https:\/\/marason.is\/wp-content\/uploads\/2020\/10\/img_3836-lr-768x512.jpg 768w, https:\/\/marason.is\/wp-content\/uploads\/2020\/10\/img_3836-lr-624x416.jpg 624w\" sizes=\"auto, (max-width: 1000px) 100vw, 1000px\" \/><\/figure><\/li><li class=\"blocks-gallery-item\"><figure><img loading=\"lazy\" decoding=\"async\" width=\"1000\" height=\"667\" src=\"https:\/\/marason.is\/wp-content\/uploads\/2020\/10\/img_3878.jpg\" alt=\"\" data-id=\"548\" data-full-url=\"https:\/\/marason.is\/wp-content\/uploads\/2020\/10\/img_3878.jpg\" data-link=\"https:\/\/marason.is\/?attachment_id=548\" class=\"wp-image-548\" srcset=\"https:\/\/marason.is\/wp-content\/uploads\/2020\/10\/img_3878.jpg 1000w, https:\/\/marason.is\/wp-content\/uploads\/2020\/10\/img_3878-300x200.jpg 300w, https:\/\/marason.is\/wp-content\/uploads\/2020\/10\/img_3878-768x512.jpg 768w, https:\/\/marason.is\/wp-content\/uploads\/2020\/10\/img_3878-624x416.jpg 624w\" sizes=\"auto, (max-width: 1000px) 100vw, 1000px\" \/><\/figure><\/li><li class=\"blocks-gallery-item\"><figure><img loading=\"lazy\" decoding=\"async\" width=\"1000\" height=\"667\" src=\"https:\/\/marason.is\/wp-content\/uploads\/2020\/10\/img_3838-lr.jpg\" alt=\"\" data-id=\"543\" data-full-url=\"https:\/\/marason.is\/wp-content\/uploads\/2020\/10\/img_3838-lr.jpg\" data-link=\"https:\/\/marason.is\/?attachment_id=543\" class=\"wp-image-543\" srcset=\"https:\/\/marason.is\/wp-content\/uploads\/2020\/10\/img_3838-lr.jpg 1000w, https:\/\/marason.is\/wp-content\/uploads\/2020\/10\/img_3838-lr-300x200.jpg 300w, https:\/\/marason.is\/wp-content\/uploads\/2020\/10\/img_3838-lr-768x512.jpg 768w, https:\/\/marason.is\/wp-content\/uploads\/2020\/10\/img_3838-lr-624x416.jpg 624w\" sizes=\"auto, (max-width: 1000px) 100vw, 1000px\" \/><\/figure><\/li><li class=\"blocks-gallery-item\"><figure><img loading=\"lazy\" decoding=\"async\" width=\"1000\" height=\"667\" src=\"https:\/\/marason.is\/wp-content\/uploads\/2020\/10\/img_3849-lr.jpg\" alt=\"\" data-id=\"545\" data-full-url=\"https:\/\/marason.is\/wp-content\/uploads\/2020\/10\/img_3849-lr.jpg\" data-link=\"https:\/\/marason.is\/?attachment_id=545\" class=\"wp-image-545\" srcset=\"https:\/\/marason.is\/wp-content\/uploads\/2020\/10\/img_3849-lr.jpg 1000w, https:\/\/marason.is\/wp-content\/uploads\/2020\/10\/img_3849-lr-300x200.jpg 300w, https:\/\/marason.is\/wp-content\/uploads\/2020\/10\/img_3849-lr-768x512.jpg 768w, https:\/\/marason.is\/wp-content\/uploads\/2020\/10\/img_3849-lr-624x416.jpg 624w\" sizes=\"auto, (max-width: 1000px) 100vw, 1000px\" \/><\/figure><\/li><li class=\"blocks-gallery-item\"><figure><img loading=\"lazy\" decoding=\"async\" width=\"1000\" height=\"667\" src=\"https:\/\/marason.is\/wp-content\/uploads\/2020\/10\/img_3886-lr.jpg\" alt=\"\" data-id=\"549\" data-full-url=\"https:\/\/marason.is\/wp-content\/uploads\/2020\/10\/img_3886-lr.jpg\" data-link=\"https:\/\/marason.is\/?attachment_id=549\" class=\"wp-image-549\" srcset=\"https:\/\/marason.is\/wp-content\/uploads\/2020\/10\/img_3886-lr.jpg 1000w, https:\/\/marason.is\/wp-content\/uploads\/2020\/10\/img_3886-lr-300x200.jpg 300w, https:\/\/marason.is\/wp-content\/uploads\/2020\/10\/img_3886-lr-768x512.jpg 768w, https:\/\/marason.is\/wp-content\/uploads\/2020\/10\/img_3886-lr-624x416.jpg 624w\" sizes=\"auto, (max-width: 1000px) 100vw, 1000px\" \/><\/figure><\/li><li class=\"blocks-gallery-item\"><figure><img loading=\"lazy\" decoding=\"async\" width=\"1000\" height=\"667\" src=\"https:\/\/marason.is\/wp-content\/uploads\/2020\/10\/img_3826-lr.jpg\" alt=\"\" data-id=\"541\" data-full-url=\"https:\/\/marason.is\/wp-content\/uploads\/2020\/10\/img_3826-lr.jpg\" data-link=\"https:\/\/marason.is\/?attachment_id=541\" class=\"wp-image-541\" srcset=\"https:\/\/marason.is\/wp-content\/uploads\/2020\/10\/img_3826-lr.jpg 1000w, https:\/\/marason.is\/wp-content\/uploads\/2020\/10\/img_3826-lr-300x200.jpg 300w, https:\/\/marason.is\/wp-content\/uploads\/2020\/10\/img_3826-lr-768x512.jpg 768w, https:\/\/marason.is\/wp-content\/uploads\/2020\/10\/img_3826-lr-624x416.jpg 624w\" sizes=\"auto, (max-width: 1000px) 100vw, 1000px\" \/><\/figure><\/li><li class=\"blocks-gallery-item\"><figure><img loading=\"lazy\" decoding=\"async\" width=\"1000\" height=\"667\" src=\"https:\/\/marason.is\/wp-content\/uploads\/2020\/10\/img_3846-lr.jpg\" alt=\"\" data-id=\"544\" data-full-url=\"https:\/\/marason.is\/wp-content\/uploads\/2020\/10\/img_3846-lr.jpg\" data-link=\"https:\/\/marason.is\/?attachment_id=544\" class=\"wp-image-544\" srcset=\"https:\/\/marason.is\/wp-content\/uploads\/2020\/10\/img_3846-lr.jpg 1000w, https:\/\/marason.is\/wp-content\/uploads\/2020\/10\/img_3846-lr-300x200.jpg 300w, https:\/\/marason.is\/wp-content\/uploads\/2020\/10\/img_3846-lr-768x512.jpg 768w, https:\/\/marason.is\/wp-content\/uploads\/2020\/10\/img_3846-lr-624x416.jpg 624w\" sizes=\"auto, (max-width: 1000px) 100vw, 1000px\" \/><\/figure><\/li><li class=\"blocks-gallery-item\"><figure><img loading=\"lazy\" decoding=\"async\" width=\"1000\" height=\"638\" src=\"https:\/\/marason.is\/wp-content\/uploads\/2020\/10\/img_3862-lr.jpg\" alt=\"\" data-id=\"546\" data-full-url=\"https:\/\/marason.is\/wp-content\/uploads\/2020\/10\/img_3862-lr.jpg\" data-link=\"https:\/\/marason.is\/?attachment_id=546\" class=\"wp-image-546\" srcset=\"https:\/\/marason.is\/wp-content\/uploads\/2020\/10\/img_3862-lr.jpg 1000w, https:\/\/marason.is\/wp-content\/uploads\/2020\/10\/img_3862-lr-300x191.jpg 300w, https:\/\/marason.is\/wp-content\/uploads\/2020\/10\/img_3862-lr-768x490.jpg 768w, https:\/\/marason.is\/wp-content\/uploads\/2020\/10\/img_3862-lr-624x398.jpg 624w\" sizes=\"auto, (max-width: 1000px) 100vw, 1000px\" \/><\/figure><\/li><li class=\"blocks-gallery-item\"><figure><img loading=\"lazy\" decoding=\"async\" width=\"667\" height=\"1000\" src=\"https:\/\/marason.is\/wp-content\/uploads\/2020\/10\/img_3865-lr.jpg\" alt=\"\" data-id=\"547\" data-full-url=\"https:\/\/marason.is\/wp-content\/uploads\/2020\/10\/img_3865-lr.jpg\" data-link=\"https:\/\/marason.is\/?attachment_id=547\" class=\"wp-image-547\" srcset=\"https:\/\/marason.is\/wp-content\/uploads\/2020\/10\/img_3865-lr.jpg 667w, https:\/\/marason.is\/wp-content\/uploads\/2020\/10\/img_3865-lr-200x300.jpg 200w, https:\/\/marason.is\/wp-content\/uploads\/2020\/10\/img_3865-lr-624x936.jpg 624w\" sizes=\"auto, (max-width: 667px) 100vw, 667px\" \/><\/figure><\/li><\/ul><\/figure>\n","protected":false},"excerpt":{"rendered":"<p>Site-specific lj\u00f3smyndas\u00fdning sem var opnu\u00f0 11. \u00e1g\u00fast 2011 vi\u00f0 Hoffellsj\u00f6kul. Verkin voru or\u00f0in nokku\u00f0 \u00fatitekin eftir tvo vetur r\u00e6tur Hoffellsj\u00f6kuls og voru teknar ni\u00f0ur 7. apr\u00edl 2013. Sj\u00e1 n\u00e1nar h\u00e9r.<\/p>\n","protected":false},"author":1,"featured_media":0,"parent":0,"menu_order":0,"comment_status":"closed","ping_status":"closed","template":"","meta":{"_coblocks_attr":"","_coblocks_dimensions":"","_coblocks_responsive_height":"","_coblocks_accordion_ie_support":"","footnotes":""},"class_list":["post-540","page","type-page","status-publish","hentry"],"_links":{"self":[{"href":"https:\/\/marason.is\/index.php?rest_route=\/wp\/v2\/pages\/540","targetHints":{"allow":["GET"]}}],"collection":[{"href":"https:\/\/marason.is\/index.php?rest_route=\/wp\/v2\/pages"}],"about":[{"href":"https:\/\/marason.is\/index.php?rest_route=\/wp\/v2\/types\/page"}],"author":[{"embeddable":true,"href":"https:\/\/marason.is\/index.php?rest_route=\/wp\/v2\/users\/1"}],"replies":[{"embeddable":true,"href":"https:\/\/marason.is\/index.php?rest_route=%2Fwp%2Fv2%2Fcomments&post=540"}],"version-history":[{"count":5,"href":"https:\/\/marason.is\/index.php?rest_route=\/wp\/v2\/pages\/540\/revisions"}],"predecessor-version":[{"id":556,"href":"https:\/\/marason.is\/index.php?rest_route=\/wp\/v2\/pages\/540\/revisions\/556"}],"wp:attachment":[{"href":"https:\/\/marason.is\/index.php?rest_route=%2Fwp%2Fv2%2Fmedia&parent=540"}],"curies":[{"name":"wp","href":"https:\/\/api.w.org\/{rel}","templated":true}]}}